 highest common divisor of 6 and j.
3
Suppose -5*q + 85 + 30 = 2*r, -2*r - 2*q = -130. What is the highest common divisor of 14 and r?
14
Let r = -105 - -115. What is the highest common factor of 10 and r?
10
Let v be 4/(-8)*4*-5. Calculate the greatest common divisor of 50 and v.
10
Let w be 7/((-212)/108 + 2). What is the greatest common divisor of w and 21?
21
Suppose 3*r - 2*k = -k + 261, -2*k = -6. Calculate the greatest common factor of 22 and r.
22
Suppose 2*m + 2*r = 228, -125 + 11 = -m - 2*r. What is the greatest common divisor of 171 and m?
57
Suppose 5*a - 10 = -0*a. Suppose -a*n + 15 = -n. What is the greatest common factor of 30 and n?
15
Let o = 13 - 8. Let q be 33 + (2/(-2) - -3). What is the greatest common divisor of o and q?
5
Let p(z) = -z + 1. Let x be p(5). Let t = -4 - x. Let n be 3*5 + t + 2. What is the highest common factor of 17 and n?
17
Suppose h - 9 = -2*h + y, 5*h - 4*y = 8. Suppose -8 = h*v - 28. Suppose 3*m - 14 = v*s + 30, -m + s + 12 = 0. What is the highest common factor of 24 and m?
8
Let r(n) = -n**2 + 11*n + 2. Let u be r(9). What is the highest common factor of u and 10?
10
Suppose -1 - 13 = -r. Let k(f) = 99*f - 1. Let p be k(1). What is the greatest common factor of p and r?
14
Suppose -5*s + 5*b + 135 = 0, 5*s - b = 3*b + 133. Suppose s = 3*v - 185. What is the highest common divisor of 28 and v?
14
Suppose 5*m - t - 565 = 0, -3*m - 5*t + 3*t + 326 = 0. Calculate the highest common factor of 14 and m.
14
Let i(s) = 2*s + 7*s - 2*s + 10. Let y be i(8). What is the greatest common factor of y and 6?
6
Let s = -3 + 3. Suppose s = 2*d + 3*w - 3 - 5, -2*w - 8 = 0. Suppose -l - 4*p + 95 = -9*p, -175 = -2*l - 5*p. Calculate the highest common divisor of l and d.
10
Let v(m) = m**2 + 5*m - 6. Let o be -5*-6*1/(-5). Let l be v(o). Suppose l = -2*w - 0 + 2. Calculate the greatest common divisor of 1 and w.
1
Let c be (-134)/(-4)*(-6 - -22). Let r be (-4)/3 + c/6. Calculate the highest common divisor of r and 11.
11
Suppose 2*h = -2, -44 - 31 = -5*b + 5*h. Suppose 2*v + 98 = 3*v. What is the highest common divisor of b and v?
14
Let f = 74 + -53. What is the highest common factor of 21 and f?
21
Suppose 0*m + 5*r = -2*m + 39, 4*m = 3*r + 91. Suppose -4*j - 3*f + 449 = 0, -3*j + 2*f + 405 - 81 = 0. Calculate the highest common divisor of j and m.
22
Let r = 140 + -88. What is the greatest common divisor of r and 13?
13
Let j(o) = o**3 + 4*o**2 - 3*o + 2. Let z be j(-4). Let q = z - 12. Calculate the greatest common divisor of q and 18.
2
Suppose 0*g - 5*g = -225. What is the greatest common divisor of g and 30?
15
Let p = 53 - 36. Suppose -5*m + 75 = 5*s, p = 4*m + 1. Calculate the greatest common divisor of s and 11.
11
Suppose -2*s + 0 - 8 = 0. Let h(r) = r**3 + 4*r**2 - 3*r - 3. Let p be h(s). What is the greatest common factor of 81 and p?
9
Let t(b) = -6*b + 1. Let i be t(-3). Suppose u + 216 = 3*u. Let z = u - 51. Calculate the greatest common factor of i and z.
19
Let b be (14/21)/((-4)/6). Let g = 33 + b. Calculate the greatest common divisor of 48 and g.
16
Let y = -43 - -106. What is the highest common divisor of y and 7?
7
Let r = -25 + 57. Suppose 0 = h - r - 4. What is the highest common factor of h and 90?
18
Let j = 5 + 1. What is the highest common factor of j and 24?
6
Let y(h) = -h**3 - 3*h**2 + h. Let t be 0 + 6/3*-1. Let j be y(t). Let r be ((-8)/j*3)/2. What is the highest common divisor of 2 and r?
2
Let j = 68 - 5. Calculate the greatest common factor of 9 and j.
9
Let h be 2 + (-6)/2 + -24. Let z be 120/h*(-20)/3. Calculate the greatest common factor of 48 and z.
16
Let m = 19 - 14. Let y(z) = -z**2 + 7*z. Let k be y(m). Calculate the highest common divisor of k and 10.
10
Let q(y) = 8*y - 4. Let x be q(8). What is the highest common divisor of x and 15?
15
Suppose -180 = -7*z + 4*z. What is the greatest common factor of z and 20?
20
Let c(a) = a**3 - 2*a**2 - 2*a. Let k be c(4). What is the highest common factor of 72 and k?
24
Let v be (-14)/4*4/2*-1. What is the greatest common factor of 7 and v?
7
Suppose 5*k - 385 = 5*s, 2*s - 5*s = 15. Suppose 2*c + k = 5*c. Let b(n) = -n**2 + 14*n - 1. Let i be b(7). Calculate the greatest common divisor of c and i.
24
Let f(q) = 63*q**3 + 1. Let b be f(1). Let d = -43 + b. What is the highest common factor of 42 and d?
21
Suppose -9*v + 3*v + 198 = 0. Calculate the highest common factor of v and 297.
33
Let r = -6 - -26. What is the highest common factor of r and 220?
20
Suppose -6*k + 2*k + 96 = 0. Calculate the highest common factor of 60 and k.
12
Suppose 0 = -2*k - d + 361, 0*k = -3*k + 5*d + 535. Let l = -24 - -44. What is the greatest common divisor of l and k?
20
Let l be (6/(-12))/((-2)/(-8)). Let m be (-42)/(-8)*l*-2. Calculate the highest common factor of 105 and m.
21
Let q be 560/24*(-24)/(-10). Calculate the greatest common factor of 8 and q.
8
Let m = 33 + -26. What is the highest common divisor of m and 77?
7
Let a = -15 + 18. What is the highest common divisor of 33 and a?
3
Let m = 109 - 70. Calculate the highest common factor of 13 and m.
13
Suppose 0 = 2*p - 3*f - 71, -p + 1 = -4*f - 27. Let c = 133 + -73. What is the greatest common divisor of c and p?
20
Let w(g) = -g**2 - 7*g + 2. Let y be w(-5). Calculate the greatest common divisor of y and 30.
6
Let r(g) = g**3 + 9*g**2 - g + 4. Let f(v) = v**3 + 6*v**2 + 6*v - 4. Let k be f(-5). Let p be r(k). What is the greatest common divisor of 52 and p?
13
Suppose 9*t - 4*t = 90. What is the greatest common divisor of t and 45?
9
Suppose 0 = z + 2*i - 104, i = -5*z + 152 + 395. Let u = -2 + 19. Suppose -4*s + u = 5*r - 3, 5*r = -20. Calculate the highest common factor of z and s.
10
Let o(w) = 55*w**2 - 3*w - 3. Let c be o(-1). Calculate the greatest common factor of c and 11.
11
Let n be 2/(3 - (-44)/(-16)). What is the greatest common divisor of n and 72?
8
Suppose -12 = c - 28. Calculate the greatest common divisor of 112 and c.
16
Let n(h) = 2*h - 12. Let p be n(13). What is the greatest common factor of 126 and p?
14
Suppose -81 + 9 = -4*g. Calculate the highest common divisor of g and 198.
18
Let m(q) = q - 6. Let y be m(8). Suppose y*g - 4 - 18 = 0. What is the highest common factor of 77 and g?
11
Let p = 30 - 27. Let a be -1 + 2/(-4)*-2. Suppose a*c - p*c = -336. Calculate the highest common factor of 14 and c.
14
Let g(k) = -k + 9. Let a be g(7). Suppose -2*q + q + a = 0. Suppose q*x + 52 = 124. What is the highest common factor of x and 24?
12
Suppose 0 = t + 5*x - 14, -5*t + 70 = -0*t - 5*x. Let g be t/4 - (-1)/2. Let y = 0 - -6. What is the greatest common factor of y and g?
2
Let y = -196 - -427. What is the highest common factor of y and 21?
21
Let d be 10/35 + (1248/21)/2. What is the highest common factor of 24 and d?
6
Suppose -2*l = -9*l + 147. Suppose -3*j - 6 - 6 = 0. Let t = j + 67. What is the greatest common factor of t and l?
21
Suppose 2*p + 0*f + 2*f + 2 = 0, -f - 3 = 0. Calculate the greatest common factor of p and 1.
1
Let x be (6/(-5))/((-15)/4100). Calculate the greatest common factor of 41 and x.
41
Let q = 122 - 97. Calculate the greatest common factor of 175 and q.
25
Let r(z) = -24*z + 3. Let q be r(-3). Let f be 2/3 - q/(-9). Let l(w) = w**3 + w**2 - w + 81. Let u be l(0). Calculate the greatest common factor of u and f.
9
Suppose -4*f = -2*i + 6*i - 320, -88 = -f + i. Suppose -f = -5*n + 6. What is the greatest common divisor of n and 2?
2
Suppose -2*n + 164 = -2*r + 62, -3*r - 9 = 0. Let j = 176 - n. What is the greatest common factor of 16 and j?
16
Let m = -144 + 246. Let a be m/8 + (-1)/(-4). What is the highest common factor of 65 and a?
13
Suppose 3*o - 11 = 25. Calculate the greatest common factor of o and 6.
6
Suppose 5*j = j - 3*k + 435, 0 = -4*k + 4. Calculate the highest common factor of 12 and j.
12
Let s be (24/18)/(2/3). What is the greatest common factor of s and 16?
2
Let u = 30 - -36. Suppose -u = -x - x. Calculate the highest common divisor of x and 11.
11
Let u be -14*2*3/(-6). Suppose 4*q - u = 14. Let s(h) = h**2 - 6*h + 6. Let a be s(q). Calculate the greatest common factor of 39 and a.
13
Let g(q) = 6*q**2 - 4*q. Let r be g(2). Suppose 4*t = -5*u + 931 - 222, 3*t + 2*u - 530 = 0. What is the greatest common factor of t an